230133
-69291 (base 12) to base 3
-21010112201
What is 250313134 (base 6) in base 15?
647847
Convert 275373 (base 11) to base 14.
b346b
-144221204 (base 5) to base 12
-313620
What is 1220002311 (base 4) in base 14?
b1445
Convert -9b040 (base 16) to base 8.
-2330100
Convert -49bcb (base 16) to base 7.
-2365355
What is 13143342 (base 5) in base 16?
20019
Convert 2240311 (base 5) to base 15.
bd21
What is 326959 (base 10) in base 5?
40430314
Convert -290505 (base 11) to base 16.
-6ef51
Convert -111000011001100100111 (base 2) to base 6.
-103340011
What is 246105 (base 8) in base 5?
10210221
What is -dcd0b (base 14) in base 10?
-534895
Convert 581060 (base 10) to base 13.
17462c
2211002010220 (base 3) to base 7
15504543
What is 11111001010010100 (base 2) in base 10?
127636
Convert -2044130232 (base 5) to base 10.
-4286317
What is 17117 (base 12) in base 15?
9b9a
-16a9a (base 11) to base 13
-ab90
What is -449148 (base 12) in base 10?
-1094024
What is -20032012 (base 5) in base 4?
-212222232
What is 2006f (base 16) in base 11?
8a618
Convert 38ad4 (base 16) to base 4.
320223110
Convert 2449758 (base 11) to base 16.
40fbdb
Convert -11230030 (base 6) to base 3.
-122120200200
329318 (base 10) to base 7
2541053
1558 (base 15) to base 4
1013213
-3631527 (base 8) to base 11
-6204a1
What is -5122515 (base 6) in base 10?
-244271
What is -5a5299 (base 13) in base 16?
-20dc34
What is 289775 (base 12) in base 13?
1aa7b2
Convert -323237 (base 10) to base 12.
-137085
What is -9080604 (base 11) in base 10?
-16061907
Convert -96a241 (base 14) to base 11.
-2972894
What is -2472905 (base 11) in base 6?
-232005345
49200 (base 11) to base 16
11481
961998 (base 10) to base 7
11114442
What is 35515a (base 11) in base 7?
4533660
803874 (base 9) to base 15
95c64
89a76 (base 13) to base 6
5205344
What is -22013223003 (base 4) in base 10?
-2652867
39c6 (base 15) to base 12
7180
What is -112210022001021 (base 3) in base 12?
-2770307
58871 (base 12) to base 4
130333111
-44001 (base 7) to base 4
-2223201
What is 221120111221200 (base 3) in base 9?
27514850
Convert -446280 (base 10) to base 3.
-211200011220
3c8ead (base 15) to base 8
13077142
What is -3647c (base 14) in base 16?
-205fe
What is -1b1b461 (base 12) in base 14?
-aa05a9
-14569 (base 10) to base 12
-8521
What is -16521 (base 9) in base 14?
-41d5
Convert -1059263 (base 12) to base 11.
-18312a4
4642a (base 15) to base 4
312213022
What is 15b708 (base 12) in base 10?
372536
Convert 19642a (base 12) to base 2.
1101100111111100010
Convert 5364142 (base 7) to base 9.
1206747
20803 (base 12) to base 14
1176b
7754771 (base 8) to base 4
13331213321
Convert 2054203 (base 6) to base 8.
304573
What is 110111101001000001 (base 2) in base 8?
675101
-848539 (base 10) to base 5
-204123124
Convert 2202100 (base 6) to base 7.
633516
What is 18485f (base 16) in base 3?
2222211222102
Convert 4abb5 (base 14) to base 16.
2cc7b
What is 164b0 (base 16) in base 4?
112102300
-100100101011101110010 (base 2) to base 9
-2231783
ea2f3 (base 16) to base 7
11103362
What is b9625f (base 16) in base 12?
409aa53
Convert 95794 (base 10) to base 5.
11031134
Convert -10310002 (base 7) to base 12.
-3631a7
Convert 94938 (base 10) to base 7.
543534
14102244 (base 6) to base 15
95a7d
Convert 2021210212 (base 3) to base 14.
125c7
-3312051 (base 7) to base 13
-113037
What is -27de4d (base 15) in base 12?
-7872a7
Convert 8cdab (base 14) to base 16.
53bab
Convert 473165 (base 16) to base 7.
54441425
What is -2653003 (base 7) in base 6?
-11252321
-34461 (base 11) to base 8
-141206
What is -85018 (base 16) in base 3?
-1000200022111
Convert 106204254 (base 7) to base 2.
11000110100010101011010
What is -301020300220 (base 4) in base 2?
-110001001000110000101000
What is 77b03 (base 14) in base 5?
33242104
3203002332 (base 4) to base 13
2673b1
Convert -2304288 (base 10) to base 6.
-121220000
What is 3151004 (base 6) in base 5?
14420234
150204 (base 10) to base 15
2e789
What is -3511720 (base 9) in base 10?
-1897443
Convert 20231121 (base 4) to base 6.
433053
-10101001110100111001111 (base 2) to base 3
-101110201120122
Convert -111000011000001110010 (base 2) to base 12.
-75112a
What is -42c716 (base 13) in base 2?
-101111111010001000100
Convert -434443 (base 6) to base 4.
-20302323
What is -128939 (base 13) in base 15?
-8c925
What is 11301232223 (base 4) in base 3?
2211221101022
What is 14022120 (base 5) in base 15?
2c1c5
What is -bb6976 (base 14) in base 11?
-36520a6
Convert 3929bd (base 14) to base 13.
53b1b8
What is -53150 (base 8) in base 11?
-1568a
What is -7b0439 (base 16) in base 12?
-2849621
-12740 (base 14) to base 2
-1011000100010100
-32324444 (base 5) to base 16
-4398a
Convert 18ac6 (base 16) to base 12.
4a59a
Convert -468d8 (base 16) to base 8.
-1064330
35a074 (base 12) to base 3
1122002001021
Convert -13226006 (base 9) to base 6.
-351332140
What is -246097a (base 12) in base 16?
-6c3b6e
Convert -141766b (base 12) to base 3.
-21112222200002
Convert -10110101 (base 5) to base 15.
-19401
What is -2431101 (base 5) in base 10?
-45776
What is 10101001000011000 (base 2) in base 9?
141648
Convert -279a46 (base 12) to base 6.
-22050530
What is 1010321100 (base 4) in base 16?
44e50
-4860247 (base 10) to base 12
-1764787
-1010011011000001 (base 2) to base 12
-20855
2525002 (base 7) to base 16
4f8dc
Convert 14666737 (base 8) to base 12.
11665bb
What is -24543525 (base 6) in base 15?
-109755
Convert 1021220133 (base 4) to base 8.
1115037
What is 1000111111110110 (base 2) in base 15?
adbe
-7a08a4a (base 11) to base 14
-1c1079b
What is -49715 (base 13) in base 14?
-373c6
-23023330 (base 4) to base 11
-31475
Convert -322123102 (base 5) to base 2.
-101001101000010111000
What is -230426 (base 9) in base 14?
-384a5
What is 101000101011100111000 (base 2) in base 16?
145738
Convert -33000023 (base 4) to base 8.
-170013
Convert 3165310 (base 7) to base 2.
1011110001111101101
Convert 399bb4 (base 13) to base 2.
101010100000001000011
11002121000 (base 3) to base 2
10011101011101110
-10201212012220 (base 3) to base 7
-22605555
What is 18b7a (base 12) in base 2?
1000110110001110
-11010100010100011 (base 2) to base 6
-2155135
Convert -565533 (base 12) to base 2.
-101010000011010110111
-943801 (base 11) to base 3
-2211212102111
120151202 (base 6) to base 8
10462322
What is 2223201012 (base 4) in base 15?
dd259
What is -10111303010 (base 5) in base 16?
-9c8d2b
What is 1923561 (base 10) in base 12?
789209
Convert -13322300 (base 6) to base 8.
-1547634
24012155 (base 7) to base 3
10222202021022
Convert 111101110000000100010 (base 2) to base 8.
7560042
Convert -1304072 (base 8) to base 16.
-5883a
-317393 (base 15) to base 12
-955970
Convert 15131315 (base 6) to base 15.
a5945
What is 23440111 (base 8) in base 4?
103210001021
-395b3f (base 16) to base 4
-32111230333
4022129 (base 11) to base 7
114335115
Convert -15300534 (base 6) to base 10.
-536746
-93146 (base 12) to base 14
-4dd8a
What is -215716 (base 9) in base 13?
-46884
Convert -11136734 (base 9) to base 16.
-525e62
a41c (base 16) to base 2
1010010000011100
1111001011101010010 (base 2) to base 4
1321131102
What is -57e5 (base 16) in base 3?
-1010212101
-11146233 (base 7) to base 9
-1737256
What is -5343776 (base 11) in base 9?
-18623423
What is 10010000101101101011 (base 2) in base 13?
179a4c
-93346 (base 10) to base 12
-4602a
-130babc (base 13) to base 15
-7ccda0
Convert -4477a (base 13) to base 15.
-26c7b
Convert -2121101001112 (base 3) to base 13.
-396614
What is 21200011 (base 6) in base 13?
18a1cb
What is 8467d (base 14) in base 10?
319591
Convert 7207 (base 13) to base 16.
3d6c
-736719 (base 10) to base 12
-2b6413
Convert b0b60 (base 16) to base 15.
e46dd
What is 11111111000011101 (base 2) in base 7?
1052504
11136835 (base 9) to base 14
a073b6
What is 11b29d0 (base 15) in base 5?
11223401340
-215430 (base 8) to base 16
-11b18
Convert -211807 (base 9) to base 6.
-2411311
What is 497997 (base 10) in base 4?
1321211031
What is -2000122210 (base 3) in base 12?
-1b086
What is -133004240 (base 5) in base 4?
-2210022331
Convert 2033403142 (base 5) to base 9.
7811805
Convert -7a9780 (base 13) to base 15.
-3c5e4b
What is 49679 (base 11) in base 6?
1310203
What is 122121200022200 (base 3) in base 11?
531543a
-1317a5 (base 13) to base